{"id":15202,"date":"2023-12-15T20:43:36","date_gmt":"2023-12-15T19:43:36","guid":{"rendered":"https:\/\/lucilebues.fr\/?page_id=15202"},"modified":"2025-08-18T10:15:07","modified_gmt":"2025-08-18T08:15:07","slug":"cv","status":"publish","type":"page","link":"https:\/\/lucilebues.fr\/?page_id=15202","title":{"rendered":"CV"},"content":{"rendered":"<div data-wp-interactive=\"core\/file\" class=\"wp-block-file\"><object data-wp-bind--hidden=\"!state.hasPdfPreview\"  class=\"wp-block-file__embed\" data=\"https:\/\/lucilebues.fr\/wp-content\/uploads\/2025\/08\/En-tete.pdf\" type=\"application\/pdf\" style=\"width:100%;height:600px\" aria-label=\"Contenu embarqu\u00e9 En-t\u00eate.\"><\/object><a id=\"wp-block-file--media-a4948764-072e-4f85-b8a3-a5cc0590245f\" href=\"https:\/\/lucilebues.fr\/wp-content\/uploads\/2025\/08\/En-tete.pdf\">En-t\u00eate<\/a><a href=\"https:\/\/lucilebues.fr\/wp-content\/uploads\/2025\/08\/En-tete.pdf\" class=\"wp-block-file__button wp-element-button\" download aria-describedby=\"wp-block-file--media-a4948764-072e-4f85-b8a3-a5cc0590245f\">T\u00e9l\u00e9charger<\/a><\/div>","protected":false},"excerpt":{"rendered":"","protected":false},"author":2,"featured_media":0,"parent":0,"menu_order":0,"comment_status":"closed","ping_status":"closed","template":"","meta":{"jetpack_post_was_ever_published":false,"footnotes":""},"class_list":["post-15202","page","type-page","status-publish","hentry"],"yoast_head":"<!-- This site is optimized with the Yoast SEO plugin v25.1 - https:\/\/yoast.com\/wordpress\/plugins\/seo\/ -->\n<title>CV - Lucile Bu\u00e8s<\/title>\n<meta name=\"robots\" content=\"index, follow, max-snippet:-1, max-image-preview:large, max-video-preview:-1\" \/>\n<link rel=\"canonical\" href=\"https:\/\/lucilebues.fr\/?page_id=15202\" \/>\n<meta property=\"og:locale\" content=\"fr_FR\" \/>\n<meta property=\"og:type\" content=\"article\" \/>\n<meta property=\"og:title\" content=\"CV - Lucile Bu\u00e8s\" \/>\n<meta property=\"og:url\" content=\"https:\/\/lucilebues.fr\/?page_id=15202\" \/>\n<meta property=\"og:site_name\" content=\"Lucile Bu\u00e8s\" \/>\n<meta property=\"article:publisher\" content=\"https:\/\/www.facebook.com\/Lucile-Bu%c3%a8s-1707390866213707\" \/>\n<meta property=\"article:modified_time\" content=\"2025-08-18T08:15:07+00:00\" \/>\n<meta property=\"og:image\" content=\"https:\/\/i0.wp.com\/lucilebues.fr\/wp-content\/uploads\/2018\/12\/37004258_10211727811292679_4098867550350213120_n.jpg?fit=756%2C752&ssl=1\" \/>\n\t<meta property=\"og:image:width\" content=\"756\" \/>\n\t<meta property=\"og:image:height\" content=\"752\" \/>\n\t<meta property=\"og:image:type\" content=\"image\/jpeg\" \/>\n<meta name=\"twitter:card\" content=\"summary_large_image\" \/>\n<meta name=\"twitter:label1\" content=\"Dur\u00e9e de lecture estim\u00e9e\" \/>\n\t<meta name=\"twitter:data1\" content=\"1 minute\" \/>\n<script type=\"application\/ld+json\" class=\"yoast-schema-graph\">{\"@context\":\"https:\/\/schema.org\",\"@graph\":[{\"@type\":\"WebPage\",\"@id\":\"https:\/\/lucilebues.fr\/?page_id=15202\",\"url\":\"https:\/\/lucilebues.fr\/?page_id=15202\",\"name\":\"CV - Lucile Bu\u00e8s\",\"isPartOf\":{\"@id\":\"https:\/\/lucilebues.fr\/#website\"},\"datePublished\":\"2023-12-15T19:43:36+00:00\",\"dateModified\":\"2025-08-18T08:15:07+00:00\",\"breadcrumb\":{\"@id\":\"https:\/\/lucilebues.fr\/?page_id=15202#breadcrumb\"},\"inLanguage\":\"fr-FR\",\"potentialAction\":[{\"@type\":\"ReadAction\",\"target\":[\"https:\/\/lucilebues.fr\/?page_id=15202\"]}]},{\"@type\":\"BreadcrumbList\",\"@id\":\"https:\/\/lucilebues.fr\/?page_id=15202#breadcrumb\",\"itemListElement\":[{\"@type\":\"ListItem\",\"position\":1,\"name\":\"Accueil\",\"item\":\"https:\/\/lucilebues.fr\/\"},{\"@type\":\"ListItem\",\"position\":2,\"name\":\"CV\"}]},{\"@type\":\"WebSite\",\"@id\":\"https:\/\/lucilebues.fr\/#website\",\"url\":\"https:\/\/lucilebues.fr\/\",\"name\":\"Lucile Bu\u00e8s\",\"description\":\"Communication, strat\u00e9gie et d\u00e9veloppement de projet\",\"publisher\":{\"@id\":\"https:\/\/lucilebues.fr\/#organization\"},\"potentialAction\":[{\"@type\":\"SearchAction\",\"target\":{\"@type\":\"EntryPoint\",\"urlTemplate\":\"https:\/\/lucilebues.fr\/?s={search_term_string}\"},\"query-input\":{\"@type\":\"PropertyValueSpecification\",\"valueRequired\":true,\"valueName\":\"search_term_string\"}}],\"inLanguage\":\"fr-FR\"},{\"@type\":\"Organization\",\"@id\":\"https:\/\/lucilebues.fr\/#organization\",\"name\":\"Lucile Bu\u00e8s\",\"url\":\"https:\/\/lucilebues.fr\/\",\"logo\":{\"@type\":\"ImageObject\",\"inLanguage\":\"fr-FR\",\"@id\":\"https:\/\/lucilebues.fr\/#\/schema\/logo\/image\/\",\"url\":\"https:\/\/i0.wp.com\/lucilebues.fr\/wp-content\/uploads\/2023\/01\/LucileBues_Logo_RVB.png?fit=1507%2C1142&ssl=1\",\"contentUrl\":\"https:\/\/i0.wp.com\/lucilebues.fr\/wp-content\/uploads\/2023\/01\/LucileBues_Logo_RVB.png?fit=1507%2C1142&ssl=1\",\"width\":1507,\"height\":1142,\"caption\":\"Lucile Bu\u00e8s\"},\"image\":{\"@id\":\"https:\/\/lucilebues.fr\/#\/schema\/logo\/image\/\"},\"sameAs\":[\"https:\/\/www.facebook.com\/Lucile-Bu\u00e8s-1707390866213707\",\"https:\/\/instagram.com\/lucilebues\"]}]}<\/script>\n<!-- \/ Yoast SEO plugin. -->","yoast_head_json":{"title":"CV - Lucile Bu\u00e8s","robots":{"index":"index","follow":"follow","max-snippet":"max-snippet:-1","max-image-preview":"max-image-preview:large","max-video-preview":"max-video-preview:-1"},"canonical":"https:\/\/lucilebues.fr\/?page_id=15202","og_locale":"fr_FR","og_type":"article","og_title":"CV - Lucile Bu\u00e8s","og_url":"https:\/\/lucilebues.fr\/?page_id=15202","og_site_name":"Lucile Bu\u00e8s","article_publisher":"https:\/\/www.facebook.com\/Lucile-Bu%c3%a8s-1707390866213707","article_modified_time":"2025-08-18T08:15:07+00:00","og_image":[{"width":756,"height":752,"url":"https:\/\/i0.wp.com\/lucilebues.fr\/wp-content\/uploads\/2018\/12\/37004258_10211727811292679_4098867550350213120_n.jpg?fit=756%2C752&ssl=1","type":"image\/jpeg"}],"twitter_card":"summary_large_image","twitter_misc":{"Dur\u00e9e de lecture estim\u00e9e":"1 minute"},"schema":{"@context":"https:\/\/schema.org","@graph":[{"@type":"WebPage","@id":"https:\/\/lucilebues.fr\/?page_id=15202","url":"https:\/\/lucilebues.fr\/?page_id=15202","name":"CV - Lucile Bu\u00e8s","isPartOf":{"@id":"https:\/\/lucilebues.fr\/#website"},"datePublished":"2023-12-15T19:43:36+00:00","dateModified":"2025-08-18T08:15:07+00:00","breadcrumb":{"@id":"https:\/\/lucilebues.fr\/?page_id=15202#breadcrumb"},"inLanguage":"fr-FR","potentialAction":[{"@type":"ReadAction","target":["https:\/\/lucilebues.fr\/?page_id=15202"]}]},{"@type":"BreadcrumbList","@id":"https:\/\/lucilebues.fr\/?page_id=15202#breadcrumb","itemListElement":[{"@type":"ListItem","position":1,"name":"Accueil","item":"https:\/\/lucilebues.fr\/"},{"@type":"ListItem","position":2,"name":"CV"}]},{"@type":"WebSite","@id":"https:\/\/lucilebues.fr\/#website","url":"https:\/\/lucilebues.fr\/","name":"Lucile Bu\u00e8s","description":"Communication, strat\u00e9gie et d\u00e9veloppement de projet","publisher":{"@id":"https:\/\/lucilebues.fr\/#organization"},"potentialAction":[{"@type":"SearchAction","target":{"@type":"EntryPoint","urlTemplate":"https:\/\/lucilebues.fr\/?s={search_term_string}"},"query-input":{"@type":"PropertyValueSpecification","valueRequired":true,"valueName":"search_term_string"}}],"inLanguage":"fr-FR"},{"@type":"Organization","@id":"https:\/\/lucilebues.fr\/#organization","name":"Lucile Bu\u00e8s","url":"https:\/\/lucilebues.fr\/","logo":{"@type":"ImageObject","inLanguage":"fr-FR","@id":"https:\/\/lucilebues.fr\/#\/schema\/logo\/image\/","url":"https:\/\/i0.wp.com\/lucilebues.fr\/wp-content\/uploads\/2023\/01\/LucileBues_Logo_RVB.png?fit=1507%2C1142&ssl=1","contentUrl":"https:\/\/i0.wp.com\/lucilebues.fr\/wp-content\/uploads\/2023\/01\/LucileBues_Logo_RVB.png?fit=1507%2C1142&ssl=1","width":1507,"height":1142,"caption":"Lucile Bu\u00e8s"},"image":{"@id":"https:\/\/lucilebues.fr\/#\/schema\/logo\/image\/"},"sameAs":["https:\/\/www.facebook.com\/Lucile-Bu\u00e8s-1707390866213707","https:\/\/instagram.com\/lucilebues"]}]}},"jetpack_sharing_enabled":true,"jetpack_shortlink":"https:\/\/wp.me\/PayqcE-3Xc","jetpack-related-posts":[],"_links":{"self":[{"href":"https:\/\/lucilebues.fr\/index.php?rest_route=\/wp\/v2\/pages\/15202"}],"collection":[{"href":"https:\/\/lucilebues.fr\/index.php?rest_route=\/wp\/v2\/pages"}],"about":[{"href":"https:\/\/lucilebues.fr\/index.php?rest_route=\/wp\/v2\/types\/page"}],"author":[{"embeddable":true,"href":"https:\/\/lucilebues.fr\/index.php?rest_route=\/wp\/v2\/users\/2"}],"replies":[{"embeddable":true,"href":"https:\/\/lucilebues.fr\/index.php?rest_route=%2Fwp%2Fv2%2Fcomments&post=15202"}],"version-history":[{"count":8,"href":"https:\/\/lucilebues.fr\/index.php?rest_route=\/wp\/v2\/pages\/15202\/revisions"}],"predecessor-version":[{"id":15622,"href":"https:\/\/lucilebues.fr\/index.php?rest_route=\/wp\/v2\/pages\/15202\/revisions\/15622"}],"wp:attachment":[{"href":"https:\/\/lucilebues.fr\/index.php?rest_route=%2Fwp%2Fv2%2Fmedia&parent=15202"}],"curies":[{"name":"wp","href":"https:\/\/api.w.org\/{rel}","templated":true}]}}